{"id":917,"date":"2025-08-22T12:13:20","date_gmt":"2025-08-22T10:13:20","guid":{"rendered":"https:\/\/kopflos.site\/?page_id=917"},"modified":"2025-08-22T12:13:20","modified_gmt":"2025-08-22T10:13:20","slug":"datenschutzerklaerung","status":"publish","type":"page","link":"https:\/\/radio-kopflos.de\/index.php\/datenschutzerklaerung\/","title":{"rendered":"Datenschutzerkl\u00e4rung"},"content":{"rendered":"\n<p><strong>Datenschutz<\/strong><\/p>\n\n\n\n<p>Die Betreiber dieser Seiten nehmen den Schutz Ihrer pers\u00f6nlichen Daten sehr ernst. Wir behandeln Ihre personenbezogenen Daten vertraulich und entsprechend der gesetzlichen Datenschutzvorschriften sowie dieser Datenschutzerkl\u00e4rung.<\/p>\n\n\n\n<h2 class=\"wp-block-heading\">1. Verantwortlicher<\/h2>\n\n\n\n<p>Verantwortlich f\u00fcr die Datenverarbeitung auf dieser Website ist:<\/p>\n\n\n\n<p>Sascha Sander<br>Schulstra\u00dfe 4<br>38690 Goslar<br>E-Mail: <a>info@radio-kopflos.de<\/a><\/p>\n\n\n\n<h2 class=\"wp-block-heading\">2. Erhebung und Speicherung personenbezogener Daten sowie Art und Zweck von deren Verwendung<\/h2>\n\n\n\n<h3 class=\"wp-block-heading\">a) Beim Besuch der Website<\/h3>\n\n\n\n<p>Beim Aufrufen unserer Website <em>radio-kopflos.de<\/em> werden durch den auf Ihrem Endger\u00e4t zum Einsatz kommenden Browser automatisch Informationen an den Server unserer Website gesendet. Diese Informationen werden tempor\u00e4r in sog. Logfiles gespeichert. Folgende Informationen werden dabei ohne Ihr Zutun erfasst und bis zur automatisierten L\u00f6schung gespeichert:<\/p>\n\n\n\n<ul class=\"wp-block-list\">\n<li>IP-Adresse des anfragenden Rechners<\/li>\n\n\n\n<li>Datum und Uhrzeit des Zugriffs<\/li>\n\n\n\n<li>Name und URL der abgerufenen Datei<\/li>\n\n\n\n<li>Website, von der aus der Zugriff erfolgt (Referrer-URL)<\/li>\n\n\n\n<li>verwendeter Browser und ggf. das Betriebssystem Ihres Rechners sowie der Name Ihres Access-Providers<\/li>\n<\/ul>\n\n\n\n<p>Die genannten Daten werden durch uns zu folgenden Zwecken verarbeitet:<\/p>\n\n\n\n<ul class=\"wp-block-list\">\n<li>Gew\u00e4hrleistung eines reibungslosen Verbindungsaufbaus der Website,<\/li>\n\n\n\n<li>Gew\u00e4hrleistung einer komfortablen Nutzung unserer Website,<\/li>\n\n\n\n<li>Auswertung der Systemsicherheit und -stabilit\u00e4t sowie<\/li>\n\n\n\n<li>zu weiteren administrativen Zwecken.<\/li>\n<\/ul>\n\n\n\n<p>Rechtsgrundlage f\u00fcr die Datenverarbeitung ist Art. 6 Abs. 1 S. 1 lit. f DSGVO.<\/p>\n\n\n\n<h3 class=\"wp-block-heading\">b) Bei Kontaktaufnahme per E-Mail<\/h3>\n\n\n\n<p>Wenn Sie uns per E-Mail kontaktieren, werden die von Ihnen gemachten Angaben (z. B. Name, E-Mail-Adresse, Nachricht) zum Zwecke der Bearbeitung der Anfrage sowie f\u00fcr m\u00f6gliche Anschlussfragen gespeichert.<br>Rechtsgrundlage ist Art. 6 Abs. 1 lit. b DSGVO.<\/p>\n\n\n\n<h2 class=\"wp-block-heading\">3. Hosting<\/h2>\n\n\n\n<p>Diese Website wird auf Servern der Strato AG, Otto-Ostrowski-Stra\u00dfe 7, 10249 Berlin, gehostet.<br>Der Hosting-Anbieter erhebt und speichert automatisch Logfiles (siehe Punkt 2a). Mit Strato besteht ein Vertrag zur Auftragsverarbeitung (Art. 28 DSGVO).<\/p>\n\n\n\n<h2 class=\"wp-block-heading\">4. Verwendung von Google Fonts<\/h2>\n\n\n\n<p>Diese Seite nutzt zur einheitlichen Darstellung von Schriftarten sogenannte <strong>Google Fonts<\/strong>, die von Google bereitgestellt werden. Beim Aufruf einer Seite l\u00e4dt Ihr Browser die ben\u00f6tigten Schriftarten direkt von den Servern von Google, wodurch Google Kenntnis davon erlangt, dass \u00fcber Ihre IP-Adresse unsere Website aufgerufen wurde.<\/p>\n\n\n\n<p>Anbieter: Google Ireland Limited, Gordon House, Barrow Street, Dublin 4, Irland.<br>Weitere Informationen zum Umgang mit Nutzerdaten finden Sie in der Datenschutzerkl\u00e4rung von Google: <a>https:\/\/policies.google.com\/privacy<\/a><\/p>\n\n\n\n<p>Rechtsgrundlage ist Art. 6 Abs. 1 lit. f DSGVO (berechtigtes Interesse an einer einheitlichen und ansprechenden Darstellung).<\/p>\n\n\n\n<h2 class=\"wp-block-heading\">5. Weitergabe von Daten<\/h2>\n\n\n\n<p>Eine \u00dcbermittlung Ihrer pers\u00f6nlichen Daten an Dritte zu anderen als den im Folgenden aufgef\u00fchrten Zwecken findet nicht statt.<\/p>\n\n\n\n<p>Wir geben Ihre pers\u00f6nlichen Daten nur an Dritte weiter, wenn:<\/p>\n\n\n\n<ul class=\"wp-block-list\">\n<li>Sie Ihre ausdr\u00fcckliche Einwilligung nach Art. 6 Abs. 1 S. 1 lit. a DSGVO erteilt haben,<\/li>\n\n\n\n<li>die Weitergabe nach Art. 6 Abs. 1 S. 1 lit. f DSGVO zur Geltendmachung, Aus\u00fcbung oder Verteidigung von Rechtsanspr\u00fcchen erforderlich ist,<\/li>\n\n\n\n<li>f\u00fcr den Fall, dass f\u00fcr die Weitergabe eine gesetzliche Verpflichtung besteht, sowie<\/li>\n\n\n\n<li>dies gesetzlich zul\u00e4ssig und nach Art. 6 Abs. 1 S. 1 lit. b DSGVO f\u00fcr die Abwicklung von Vertragsverh\u00e4ltnissen erforderlich ist.<\/li>\n<\/ul>\n\n\n\n<h2 class=\"wp-block-heading\">6. Betroffenenrechte<\/h2>\n\n\n\n<p>Sie haben das Recht:<\/p>\n\n\n\n<ul class=\"wp-block-list\">\n<li>gem\u00e4\u00df Art. 15 DSGVO Auskunft \u00fcber Ihre von uns verarbeiteten personenbezogenen Daten zu verlangen,<\/li>\n\n\n\n<li>gem\u00e4\u00df Art. 16 DSGVO unverz\u00fcglich die Berichtigung unrichtiger oder Vervollst\u00e4ndigung Ihrer bei uns gespeicherten Daten zu verlangen,<\/li>\n\n\n\n<li>gem\u00e4\u00df Art. 17 DSGVO die L\u00f6schung Ihrer bei uns gespeicherten Daten zu verlangen,<\/li>\n\n\n\n<li>gem\u00e4\u00df Art. 18 DSGVO die Einschr\u00e4nkung der Verarbeitung Ihrer Daten zu verlangen,<\/li>\n\n\n\n<li>gem\u00e4\u00df Art. 20 DSGVO Ihre Daten in einem strukturierten, g\u00e4ngigen und maschinenlesbaren Format zu erhalten oder deren \u00dcbermittlung an einen anderen Verantwortlichen zu verlangen,<\/li>\n\n\n\n<li>gem\u00e4\u00df Art. 77 DSGVO sich bei einer Aufsichtsbeh\u00f6rde zu beschweren.<\/li>\n<\/ul>\n\n\n\n<h2 class=\"wp-block-heading\">7. Widerspruchsrecht<\/h2>\n\n\n\n<p>Sofern Ihre personenbezogenen Daten auf Grundlage von berechtigten Interessen gem\u00e4\u00df Art. 6 Abs. 1 lit. f DSGVO verarbeitet werden, haben Sie das Recht, gem\u00e4\u00df Art. 21 DSGVO Widerspruch gegen die Verarbeitung Ihrer personenbezogenen Daten einzulegen.<\/p>\n\n\n\n<h2 class=\"wp-block-heading\">8. Datensicherheit<\/h2>\n\n\n\n<p>Wir verwenden innerhalb des Website-Besuchs das verbreitete SSL-Verfahren (Secure Socket Layer).<\/p>\n\n\n\n<h2 class=\"wp-block-heading\">9. Aktualit\u00e4t und \u00c4nderung dieser Datenschutzerkl\u00e4rung<\/h2>\n\n\n\n<p>Diese Datenschutzerkl\u00e4rung ist aktuell g\u00fcltig und hat den Stand [August 2025].<br>Durch die Weiterentwicklung unserer Website oder aufgrund ge\u00e4nderter gesetzlicher Vorgaben kann es notwendig werden, diese Datenschutzerkl\u00e4rung zu \u00e4ndern.<\/p>\n","protected":false},"excerpt":{"rendered":"<p>Datenschutz Die Betreiber dieser Seiten nehmen den Schutz Ihrer pers\u00f6nlichen Daten sehr ernst. Wir behandeln Ihre personenbezogenen Daten vertraulich und entsprechend der gesetzlichen Datenschutzvorschriften sowie dieser Datenschutzerkl\u00e4rung. 1. Verantwortlicher Verantwortlich f\u00fcr die Datenverarbeitung auf dieser Website ist: Sascha SanderSchulstra\u00dfe 438690 GoslarE-Mail: info@radio-kopflos.de 2. Erhebung und Speicherung personenbezogener Daten sowie Art und Zweck von deren Verwendung [&hellip;]<\/p>\n","protected":false},"author":1,"featured_media":0,"parent":0,"menu_order":0,"comment_status":"closed","ping_status":"closed","template":"","meta":{"footnotes":""},"class_list":["post-917","page","type-page","status-publish","hentry"],"_links":{"self":[{"href":"https:\/\/radio-kopflos.de\/index.php\/wp-json\/wp\/v2\/pages\/917","targetHints":{"allow":["GET"]}}],"collection":[{"href":"https:\/\/radio-kopflos.de\/index.php\/wp-json\/wp\/v2\/pages"}],"about":[{"href":"https:\/\/radio-kopflos.de\/index.php\/wp-json\/wp\/v2\/types\/page"}],"author":[{"embeddable":true,"href":"https:\/\/radio-kopflos.de\/index.php\/wp-json\/wp\/v2\/users\/1"}],"replies":[{"embeddable":true,"href":"https:\/\/radio-kopflos.de\/index.php\/wp-json\/wp\/v2\/comments?post=917"}],"version-history":[{"count":1,"href":"https:\/\/radio-kopflos.de\/index.php\/wp-json\/wp\/v2\/pages\/917\/revisions"}],"predecessor-version":[{"id":918,"href":"https:\/\/radio-kopflos.de\/index.php\/wp-json\/wp\/v2\/pages\/917\/revisions\/918"}],"wp:attachment":[{"href":"https:\/\/radio-kopflos.de\/index.php\/wp-json\/wp\/v2\/media?parent=917"}],"curies":[{"name":"wp","href":"https:\/\/api.w.org\/{rel}","templated":true}]}}

Datenschutzerklärung

<p><strong>Datenschutz</strong></p>



<p>Die Betreiber dieser Seiten nehmen den Schutz Ihrer persönlichen Daten sehr ernst. Wir behandeln Ihre personenbezogenen Daten vertraulich und entsprechend der gesetzlichen Datenschutzvorschriften sowie dieser Datenschutzerklärung.</p>



<h2 class="wp-block-heading">1. Verantwortlicher</h2>



<p>Verantwortlich für die Datenverarbeitung auf dieser Website ist:</p>



<p>Sascha Sander<br>Schulstraße 4<br>38690 Goslar<br>E-Mail: <a>info@radio-kopflos.de</a></p>



<h2 class="wp-block-heading">2. Erhebung und Speicherung personenbezogener Daten sowie Art und Zweck von deren Verwendung</h2>



<h3 class="wp-block-heading">a) Beim Besuch der Website</h3>



<p>Beim Aufrufen unserer Website <em>radio-kopflos.de</em> werden durch den auf Ihrem Endgerät zum Einsatz kommenden Browser automatisch Informationen an den Server unserer Website gesendet. Diese Informationen werden temporär in sog. Logfiles gespeichert. Folgende Informationen werden dabei ohne Ihr Zutun erfasst und bis zur automatisierten Löschung gespeichert:</p>



<ul class="wp-block-list">
<li>IP-Adresse des anfragenden Rechners</li>



<li>Datum und Uhrzeit des Zugriffs</li>



<li>Name und URL der abgerufenen Datei</li>



<li>Website, von der aus der Zugriff erfolgt (Referrer-URL)</li>



<li>verwendeter Browser und ggf. das Betriebssystem Ihres Rechners sowie der Name Ihres Access-Providers</li>
</ul>



<p>Die genannten Daten werden durch uns zu folgenden Zwecken verarbeitet:</p>



<ul class="wp-block-list">
<li>Gewährleistung eines reibungslosen Verbindungsaufbaus der Website,</li>



<li>Gewährleistung einer komfortablen Nutzung unserer Website,</li>



<li>Auswertung der Systemsicherheit und -stabilität sowie</li>



<li>zu weiteren administrativen Zwecken.</li>
</ul>



<p>Rechtsgrundlage für die Datenverarbeitung ist Art. 6 Abs. 1 S. 1 lit. f DSGVO.</p>



<h3 class="wp-block-heading">b) Bei Kontaktaufnahme per E-Mail</h3>



<p>Wenn Sie uns per E-Mail kontaktieren, werden die von Ihnen gemachten Angaben (z. B. Name, E-Mail-Adresse, Nachricht) zum Zwecke der Bearbeitung der Anfrage sowie für mögliche Anschlussfragen gespeichert.<br>Rechtsgrundlage ist Art. 6 Abs. 1 lit. b DSGVO.</p>



<h2 class="wp-block-heading">3. Hosting</h2>



<p>Diese Website wird auf Servern der Strato AG, Otto-Ostrowski-Straße 7, 10249 Berlin, gehostet.<br>Der Hosting-Anbieter erhebt und speichert automatisch Logfiles (siehe Punkt 2a). Mit Strato besteht ein Vertrag zur Auftragsverarbeitung (Art. 28 DSGVO).</p>



<h2 class="wp-block-heading">4. Verwendung von Google Fonts</h2>



<p>Diese Seite nutzt zur einheitlichen Darstellung von Schriftarten sogenannte <strong>Google Fonts</strong>, die von Google bereitgestellt werden. Beim Aufruf einer Seite lädt Ihr Browser die benötigten Schriftarten direkt von den Servern von Google, wodurch Google Kenntnis davon erlangt, dass über Ihre IP-Adresse unsere Website aufgerufen wurde.</p>



<p>Anbieter: Google Ireland Limited, Gordon House, Barrow Street, Dublin 4, Irland.<br>Weitere Informationen zum Umgang mit Nutzerdaten finden Sie in der Datenschutzerklärung von Google: <a>https://policies.google.com/privacy</a></p>



<p>Rechtsgrundlage ist Art. 6 Abs. 1 lit. f DSGVO (berechtigtes Interesse an einer einheitlichen und ansprechenden Darstellung).</p>



<h2 class="wp-block-heading">5. Weitergabe von Daten</h2>



<p>Eine Übermittlung Ihrer persönlichen Daten an Dritte zu anderen als den im Folgenden aufgeführten Zwecken findet nicht statt.</p>



<p>Wir geben Ihre persönlichen Daten nur an Dritte weiter, wenn:</p>



<ul class="wp-block-list">
<li>Sie Ihre ausdrückliche Einwilligung nach Art. 6 Abs. 1 S. 1 lit. a DSGVO erteilt haben,</li>



<li>die Weitergabe nach Art. 6 Abs. 1 S. 1 lit. f DSGVO zur Geltendmachung, Ausübung oder Verteidigung von Rechtsansprüchen erforderlich ist,</li>



<li>für den Fall, dass für die Weitergabe eine gesetzliche Verpflichtung besteht, sowie</li>



<li>dies gesetzlich zulässig und nach Art. 6 Abs. 1 S. 1 lit. b DSGVO für die Abwicklung von Vertragsverhältnissen erforderlich ist.</li>
</ul>



<h2 class="wp-block-heading">6. Betroffenenrechte</h2>



<p>Sie haben das Recht:</p>



<ul class="wp-block-list">
<li>gemäß Art. 15 DSGVO Auskunft über Ihre von uns verarbeiteten personenbezogenen Daten zu verlangen,</li>



<li>gemäß Art. 16 DSGVO unverzüglich die Berichtigung unrichtiger oder Vervollständigung Ihrer bei uns gespeicherten Daten zu verlangen,</li>



<li>gemäß Art. 17 DSGVO die Löschung Ihrer bei uns gespeicherten Daten zu verlangen,</li>



<li>gemäß Art. 18 DSGVO die Einschränkung der Verarbeitung Ihrer Daten zu verlangen,</li>



<li>gemäß Art. 20 DSGVO Ihre Daten in einem strukturierten, gängigen und maschinenlesbaren Format zu erhalten oder deren Übermittlung an einen anderen Verantwortlichen zu verlangen,</li>



<li>gemäß Art. 77 DSGVO sich bei einer Aufsichtsbehörde zu beschweren.</li>
</ul>



<h2 class="wp-block-heading">7. Widerspruchsrecht</h2>



<p>Sofern Ihre personenbezogenen Daten auf Grundlage von berechtigten Interessen gemäß Art. 6 Abs. 1 lit. f DSGVO verarbeitet werden, haben Sie das Recht, gemäß Art. 21 DSGVO Widerspruch gegen die Verarbeitung Ihrer personenbezogenen Daten einzulegen.</p>



<h2 class="wp-block-heading">8. Datensicherheit</h2>



<p>Wir verwenden innerhalb des Website-Besuchs das verbreitete SSL-Verfahren (Secure Socket Layer).</p>



<h2 class="wp-block-heading">9. Aktualität und Änderung dieser Datenschutzerklärung</h2>



<p>Diese Datenschutzerklärung ist aktuell gültig und hat den Stand [August 2025].<br>Durch die Weiterentwicklung unserer Website oder aufgrund geänderter gesetzlicher Vorgaben kann es notwendig werden, diese Datenschutzerklärung zu ändern.</p>

<p>Datenschutz Die Betreiber dieser Seiten nehmen den Schutz Ihrer persönlichen Daten sehr ernst. Wir behandeln Ihre personenbezogenen Daten vertraulich und entsprechend der gesetzlichen Datenschutzvorschriften sowie dieser Datenschutzerklärung. 1. Verantwortlicher Verantwortlich für die Datenverarbeitung auf dieser Website ist: Sascha SanderSchulstraße 438690 GoslarE-Mail: info@radio-kopflos.de 2. Erhebung und Speicherung personenbezogener Daten sowie Art und Zweck von deren Verwendung [&hellip;]</p>
