{"id":899,"date":"2025-08-22T10:59:24","date_gmt":"2025-08-22T08:59:24","guid":{"rendered":"https:\/\/kopflos.site\/?page_id=899"},"modified":"2025-08-22T11:08:04","modified_gmt":"2025-08-22T09:08:04","slug":"%f0%9f%93%bb-radio-kopflos-sagt-tschuess-hallo-flr1","status":"publish","type":"page","link":"https:\/\/radio-kopflos.de\/","title":{"rendered":"\ud83d\udcfb Radio Kopflos sagt Tsch\u00fcss \u2013 Hallo FLR1!"},"content":{"rendered":"\n<div class=\"wp-block-group alignfull has-accent-background-color has-background has-global-padding is-layout-constrained wp-container-core-group-is-layout-669513ed wp-block-group-is-layout-constrained\" style=\"margin-top:0;margin-bottom:0;padding-top:var(--wp--preset--spacing--50);padding-right:var(--wp--preset--spacing--50);padding-bottom:var(--wp--preset--spacing--50);padding-left:var(--wp--preset--spacing--50)\">\n<div class=\"wp-block-columns alignwide is-layout-flex wp-container-core-columns-is-layout-1da03c2a wp-block-columns-is-layout-flex\">\n<div class=\"wp-block-column is-vertically-aligned-stretch is-layout-flow wp-block-column-is-layout-flow\" style=\"flex-basis:50%\">\n<div class=\"wp-block-group is-vertical is-content-justification-stretch is-layout-flex wp-container-core-group-is-layout-444d5ee8 wp-block-group-is-layout-flex\" style=\"min-height:100%\">\n<p>Liebe H\u00f6rerinnen und H\u00f6rer,<\/p>\n\n\n\n<p>wir m\u00fcssen euch heute leider eine traurige Nachricht \u00fcberbringen:<br><strong>Radio Kopflos stellt seinen Sendebetrieb ein.<\/strong><br>Nach vielen gemeinsamen Sendungen voller Musik, Geschichten und jeder Menge guter Laune f\u00e4llt nun der Vorhang f\u00fcr unseren kleinen Radiosender.<\/p>\n\n\n\n<p>Doch keine Sorge \u2013 es gibt auch eine <strong>gute Nachricht<\/strong>:<br>Ihr k\u00f6nnt Sascha \u2013 und manchmal auch Pj\u00e4r \u2013 weiterhin h\u00f6ren! \ud83c\udf99\ufe0f<br>Und zwar auf <strong><a href=\"https:\/\/flr1.de\">FLR1.de<\/a><\/strong>.<\/p>\n\n\n\n<p>Dort gibt es nicht nur unsere Stimmen, sondern <strong>24\/7 Musik aus den unterschiedlichsten Bereichen<\/strong> \u2013 f\u00fcr wirklich jeden Geschmack ist etwas dabei. Wir freuen uns riesig, k\u00fcnftig ein Teil von FLR1 zu sein und gemeinsam mit euch diese neue Radioreise zu starten.<\/p>\n\n\n\n<p>Also: einschalten, genie\u00dfen und dabei bleiben!<\/p>\n\n\n\n<p>Euer<br>Sascha &amp; Pj\u00e4r<\/p>\n\n\n\n<h2 class=\"wp-block-heading\">Wir sind jetzt bei FLR1<\/h2>\n\n\n\n<p><\/p>\n<\/div>\n<\/div>\n\n\n\n<div class=\"wp-block-column is-vertically-aligned-center is-layout-flow wp-block-column-is-layout-flow\" style=\"flex-basis:50%\">\n<figure class=\"wp-block-image size-full is-style-rounded is-style-rounded--1\"><img decoding=\"async\" src=\"https:\/\/kopflos.site\/wp-content\/uploads\/2025\/08\/Teaser-koflos-freitag.png\" alt=\"\" class=\"wp-image-902\" style=\"aspect-ratio:3\/4;object-fit:cover\"\/><\/figure>\n<\/div>\n<\/div>\n<\/div>\n","protected":false},"excerpt":{"rendered":"<p>Liebe H\u00f6rerinnen und H\u00f6rer, wir m\u00fcssen euch heute leider eine traurige Nachricht \u00fcberbringen:Radio Kopflos stellt seinen Sendebetrieb ein.Nach vielen gemeinsamen Sendungen voller Musik, Geschichten und jeder Menge guter Laune f\u00e4llt nun der Vorhang f\u00fcr unseren kleinen Radiosender. Doch keine Sorge \u2013 es gibt auch eine gute Nachricht:Ihr k\u00f6nnt Sascha \u2013 und manchmal auch Pj\u00e4r \u2013 [&hellip;]<\/p>\n","protected":false},"author":1,"featured_media":0,"parent":0,"menu_order":0,"comment_status":"closed","ping_status":"closed","template":"","meta":{"footnotes":""},"class_list":["post-899","page","type-page","status-publish","hentry"],"_links":{"self":[{"href":"https:\/\/radio-kopflos.de\/index.php\/wp-json\/wp\/v2\/pages\/899","targetHints":{"allow":["GET"]}}],"collection":[{"href":"https:\/\/radio-kopflos.de\/index.php\/wp-json\/wp\/v2\/pages"}],"about":[{"href":"https:\/\/radio-kopflos.de\/index.php\/wp-json\/wp\/v2\/types\/page"}],"author":[{"embeddable":true,"href":"https:\/\/radio-kopflos.de\/index.php\/wp-json\/wp\/v2\/users\/1"}],"replies":[{"embeddable":true,"href":"https:\/\/radio-kopflos.de\/index.php\/wp-json\/wp\/v2\/comments?post=899"}],"version-history":[{"count":1,"href":"https:\/\/radio-kopflos.de\/index.php\/wp-json\/wp\/v2\/pages\/899\/revisions"}],"predecessor-version":[{"id":903,"href":"https:\/\/radio-kopflos.de\/index.php\/wp-json\/wp\/v2\/pages\/899\/revisions\/903"}],"wp:attachment":[{"href":"https:\/\/radio-kopflos.de\/index.php\/wp-json\/wp\/v2\/media?parent=899"}],"curies":[{"name":"wp","href":"https:\/\/api.w.org\/{rel}","templated":true}]}}